{"id":1021,"date":"2025-04-23T15:33:39","date_gmt":"2025-04-23T15:33:39","guid":{"rendered":"https:\/\/atenajoalharia.pt\/fundacao\/?page_id=1021"},"modified":"2025-06-04T15:43:58","modified_gmt":"2025-06-04T15:43:58","slug":"sobre-nos","status":"publish","type":"page","link":"https:\/\/fundacaonunesbarata.pt\/index.php\/sobre-nos\/","title":{"rendered":"Sobre N\u00f3s"},"content":{"rendered":"\t\t<div data-elementor-type=\"wp-page\" data-elementor-id=\"1021\" class=\"elementor elementor-1021\" data-elementor-post-type=\"page\">\n\t\t\t\t<div class=\"elementor-element elementor-element-cec9e4f e-flex e-con-boxed e-con e-parent\" data-id=\"cec9e4f\" data-element_type=\"container\">\n\t\t\t\t\t<div class=\"e-con-inner\">\n\t\t\t\t<div class=\"elementor-element elementor-element-a085568 elementor-widget elementor-widget-text-editor\" data-id=\"a085568\" data-element_type=\"widget\" data-widget_type=\"text-editor.default\">\n\t\t\t\t<div class=\"elementor-widget-container\">\n\t\t\t\t\t\t\t\t\t<p><span style=\"text-decoration: underline; text-decoration-color: #84754E; text-decoration-thickness: 3px; text-underline-offset: 5px;\">sobre n\u00f3s<\/span><\/p>\t\t\t\t\t\t\t\t<\/div>\n\t\t\t\t<\/div>\n\t\t\t\t\t<\/div>\n\t\t\t\t<\/div>\n\t\t<div class=\"elementor-element elementor-element-7e3b1aa e-flex e-con-boxed e-con e-parent\" data-id=\"7e3b1aa\" data-element_type=\"container\">\n\t\t\t\t\t<div class=\"e-con-inner\">\n\t\t<div class=\"elementor-element elementor-element-37fb9dd e-con-full elementor-hidden-mobile e-flex e-con e-child\" data-id=\"37fb9dd\" data-element_type=\"container\">\n\t\t\t\t<\/div>\n\t\t<div class=\"elementor-element elementor-element-e7d9cb5 e-con-full e-flex e-con e-child\" data-id=\"e7d9cb5\" data-element_type=\"container\">\n\t\t\t\t<div class=\"elementor-element elementor-element-f749c31 elementor-widget elementor-widget-text-editor\" data-id=\"f749c31\" data-element_type=\"widget\" data-widget_type=\"text-editor.default\">\n\t\t\t\t<div class=\"elementor-widget-container\">\n\t\t\t\t\t\t\t\t\t<p>MISS\u00c3O E \u00c1REAS DE INTERVEN\u00c7\u00c3O<\/p>\t\t\t\t\t\t\t\t<\/div>\n\t\t\t\t<\/div>\n\t\t\t\t<\/div>\n\t\t\t\t\t<\/div>\n\t\t\t\t<\/div>\n\t\t<div class=\"elementor-element elementor-element-a96268c e-flex e-con-boxed e-con e-parent\" data-id=\"a96268c\" data-element_type=\"container\">\n\t\t\t\t\t<div class=\"e-con-inner\">\n\t\t<div class=\"elementor-element elementor-element-add21ad e-con-full e-flex e-con e-child\" data-id=\"add21ad\" data-element_type=\"container\">\n\t\t\t\t<div class=\"elementor-element elementor-element-bd35765 elementor-widget elementor-widget-text-editor\" data-id=\"bd35765\" data-element_type=\"widget\" data-widget_type=\"text-editor.default\">\n\t\t\t\t<div class=\"elementor-widget-container\">\n\t\t\t\t\t\t\t\t\t<p>A Funda\u00e7\u00e3o Dr. Jos\u00e9 Fernando Nunes Barata tem como miss\u00e3o principal o apoio nas \u00e1reas que refletem os seus valores culturais, educativos, sociais, art\u00edsticos, cient\u00edficos e filantr\u00f3picos, assim honrando e perpetuando a mem\u00f3ria do seu patrono, atrav\u00e9s da concess\u00e3o de bolsas de estudo, promo\u00e7\u00e3o de atividades de desenvolvimento local, cria\u00e7\u00e3o e promo\u00e7\u00e3o de iniciativas de prote\u00e7\u00e3o da sa\u00fade e desenvolvimento de projetos de apoio \u00e0s fam\u00edlias da popula\u00e7\u00e3o local mais carenciada (art.\u00ba 4\u00ba Estatutos).<\/p><p>Atualmente possu\u00ed dois regulamentos de apoio: o Fundo de Emerg\u00eancia Social e de Apoio \u00e0 Sa\u00fade, que concede apoios monet\u00e1rios \u00fanicos a cidad\u00e3os em situa\u00e7\u00e3o de car\u00eancia ao n\u00edvel da aquisi\u00e7\u00e3o de bens e servi\u00e7os na \u00e1rea da Sa\u00fade; e o programa Educa\u00e7\u00e3o +, que atribui bolsas de estudo a alunos carenciados que ingressem no Ensino Superior, com a possibilidade da bolsa ser atribu\u00edda durante os tr\u00eas anos de licenciatura ou mestrado, tendo desde a sua implementa\u00e7\u00e3o apoiado dezenas de boleiros.<\/p><p>\u00a0<\/p>\t\t\t\t\t\t\t\t<\/div>\n\t\t\t\t<\/div>\n\t\t\t\t<\/div>\n\t\t<div class=\"elementor-element elementor-element-8c3f591 e-con-full e-flex e-con e-child\" data-id=\"8c3f591\" data-element_type=\"container\">\n\t\t\t\t<div class=\"elementor-element elementor-element-534281f elementor-widget elementor-widget-text-editor\" data-id=\"534281f\" data-element_type=\"widget\" data-widget_type=\"text-editor.default\">\n\t\t\t\t<div class=\"elementor-widget-container\">\n\t\t\t\t\t\t\t\t\t<p>A 11 de fevereiro, foi aprovado o regulamento para um novo programa, o Banco de Produtos de Apoio, sistema de aluguer de Produtos de Apoio (as anteriormente designadas ajudas t\u00e9cnicas) que permitira uma maior integra\u00e7\u00e3o da popula\u00e7\u00e3o mun\u00edcipe com mobilidade reduzida ou incapacidade tempor\u00e1ria ou cr\u00f3nica.<\/p><p>Assinou ainda, com a Associa\u00e7\u00e3o Dignitude, um Protocolo Regular, no \u00e2mbito do Programa Abem, que permite a atribui\u00e7\u00e3o de um cart\u00e3o de descontos para a aquisi\u00e7\u00e3o da medica\u00e7\u00e3o, tendo at\u00e9 2024 comparticipado 93 cart\u00f5es anuais e individuais com o contributo de 11.574,98, e de Emerg\u00eancia, tendo este sido acionado em 2018, para apoiar as v\u00edtimas do inc\u00eandio de outubro de 2017, e em 2020, para apoio da popula\u00e7\u00e3o em geral durante o per\u00edodo de pandemia de COVID-19.<\/p><p>A Funda\u00e7\u00e3o \u00e9 tamb\u00e9m entidade promotora de projetos de desenvolvimento comunit\u00e1rio, como o dinamizado pela ASSDZ, no \u00e2mbito do Programa \u201cParcerias para o Impacto\u201d, do Programa \u201cPortugal Inova\u00e7\u00e3o Social\u201d e do projeto \u201cDespertar da Mente\u201d, da Miseric\u00f3rdia de Pampilhosa da Serra.<\/p>\t\t\t\t\t\t\t\t<\/div>\n\t\t\t\t<\/div>\n\t\t\t\t<\/div>\n\t\t\t\t\t<\/div>\n\t\t\t\t<\/div>\n\t\t<div class=\"elementor-element elementor-element-8c81b3a e-flex e-con-boxed e-con e-parent\" data-id=\"8c81b3a\" data-element_type=\"container\">\n\t\t\t\t\t<div class=\"e-con-inner\">\n\t\t\t\t<div class=\"elementor-element elementor-element-ed2335b elementor-widget elementor-widget-text-editor\" data-id=\"ed2335b\" data-element_type=\"widget\" data-widget_type=\"text-editor.default\">\n\t\t\t\t<div class=\"elementor-widget-container\">\n\t\t\t\t\t\t\t\t\t<p><a href=\"https:\/\/fundacaonunesbarata.pt\/wp-content\/uploads\/2025\/06\/estatutos.pdf\">ESTATUTOS DA FUNDA\u00c7\u00c3O DR. JOS\u00c9 FERNANDO NUNES BARATA<\/a><\/p>\t\t\t\t\t\t\t\t<\/div>\n\t\t\t\t<\/div>\n\t\t\t\t\t<\/div>\n\t\t\t\t<\/div>\n\t\t<div class=\"elementor-element elementor-element-9264938 e-flex e-con-boxed e-con e-parent\" data-id=\"9264938\" data-element_type=\"container\">\n\t\t\t\t\t<div class=\"e-con-inner\">\n\t\t<div class=\"elementor-element elementor-element-428e08a e-con-full e-flex e-con e-child\" data-id=\"428e08a\" data-element_type=\"container\">\n\t\t\t\t<div class=\"elementor-element elementor-element-37122fa elementor-widget elementor-widget-text-editor\" data-id=\"37122fa\" data-element_type=\"widget\" data-widget_type=\"text-editor.default\">\n\t\t\t\t<div class=\"elementor-widget-container\">\n\t\t\t\t\t\t\t\t\t<p>UTILIDADE P\u00daBLICA<\/p>\t\t\t\t\t\t\t\t<\/div>\n\t\t\t\t<\/div>\n\t\t\t\t<\/div>\n\t\t<div class=\"elementor-element elementor-element-a3905ce e-con-full elementor-hidden-mobile e-flex e-con e-child\" data-id=\"a3905ce\" data-element_type=\"container\">\n\t\t\t\t<\/div>\n\t\t\t\t\t<\/div>\n\t\t\t\t<\/div>\n\t\t<div class=\"elementor-element elementor-element-8e7c6dc e-flex e-con-boxed e-con e-parent\" data-id=\"8e7c6dc\" data-element_type=\"container\">\n\t\t\t\t\t<div class=\"e-con-inner\">\n\t\t<div class=\"elementor-element elementor-element-2fb809f e-con-full e-flex e-con e-child\" data-id=\"2fb809f\" data-element_type=\"container\">\n\t\t\t\t<div class=\"elementor-element elementor-element-2e0cf91 elementor-widget elementor-widget-text-editor\" data-id=\"2e0cf91\" data-element_type=\"widget\" data-widget_type=\"text-editor.default\">\n\t\t\t\t<div class=\"elementor-widget-container\">\n\t\t\t\t\t\t\t\t\t<p>No dia 7 de julho, 2021, foi atribu\u00edda \u00e0 Funda\u00e7\u00e3o Dr. Jos\u00e9 Fernando nunes Barata a Declara\u00e7\u00e3o de Estatuto de Utilidade Publica pela Presid\u00eancia do Conselho de Ministros (pelo Despacho n\u00ba 6608\/2021). <br \/><br \/>V\u00e1lida por 5 anos, este Estatuto permite um maior dinamismo \u00e0 capta\u00e7\u00e3o de financiamento, atrav\u00e9s do Mecenato, no \u00e2mbito dos artigos 61\u00ba e 66\u00ba do Estatuto dos Benef\u00edcios Fiscais (Dec. Lei n\u00ba 215\/89 de 1 de julho na sua reda\u00e7\u00e3o atual), o que se traduz num imenso e insubstitu\u00edvel apoio ao desenvolvimento das atividades da Funda\u00e7\u00e3o e, consequentemente, na melhoria da qualidade de vida das popula\u00e7\u00f5es dentro da nossa \u00e1rea geogr\u00e1fica de interven\u00e7\u00e3o<\/p>\t\t\t\t\t\t\t\t<\/div>\n\t\t\t\t<\/div>\n\t\t\t\t<\/div>\n\t\t<div class=\"elementor-element elementor-element-8b963b1 e-con-full e-flex e-con e-child\" data-id=\"8b963b1\" data-element_type=\"container\">\n\t\t\t\t<div class=\"elementor-element elementor-element-98a4687 elementor-widget elementor-widget-text-editor\" data-id=\"98a4687\" data-element_type=\"widget\" data-widget_type=\"text-editor.default\">\n\t\t\t\t<div class=\"elementor-widget-container\">\n\t\t\t\t\t\t\t\t\t<p>A atribui\u00e7\u00e3o do Estatuto de Utilidade P\u00fablica \u00e0 Funda\u00e7\u00e3o Dr. Jos\u00e9 Fernando Nunes Barata veio reconhecer o trabalho merit\u00f3rio dos seus \u00d3rg\u00e3os Sociais na diagnose e avalia\u00e7\u00e3o de situa\u00e7\u00f5es de car\u00eancia no Concelho de Pampilhosa da Serra, e ser\u00e1 sem d\u00favida um grande incentivo \u00e0 continua\u00e7\u00e3o e evolu\u00e7\u00e3o do trabalho at\u00e9 agora desempenhado em prole dos pampilhosenses.<\/p>\t\t\t\t\t\t\t\t<\/div>\n\t\t\t\t<\/div>\n\t\t\t\t<\/div>\n\t\t\t\t\t<\/div>\n\t\t\t\t<\/div>\n\t\t\t\t<\/div>\n\t\t","protected":false},"excerpt":{"rendered":"<p>sobre n\u00f3s MISS\u00c3O E \u00c1REAS DE INTERVEN\u00c7\u00c3O A Funda\u00e7\u00e3o Dr. Jos\u00e9 Fernando Nunes Barata tem como miss\u00e3o principal o apoio nas \u00e1reas que refletem os seus valores culturais, educativos, sociais, art\u00edsticos, cient\u00edficos e filantr\u00f3picos, assim honrando e perpetuando a mem\u00f3ria do seu patrono, atrav\u00e9s da concess\u00e3o de bolsas de estudo, promo\u00e7\u00e3o de atividades de desenvolvimento [&hellip;]<\/p>\n","protected":false},"author":1,"featured_media":0,"parent":0,"menu_order":0,"comment_status":"closed","ping_status":"closed","template":"","meta":{"footnotes":""},"class_list":["post-1021","page","type-page","status-publish","hentry"],"_links":{"self":[{"href":"https:\/\/fundacaonunesbarata.pt\/index.php\/wp-json\/wp\/v2\/pages\/1021","targetHints":{"allow":["GET"]}}],"collection":[{"href":"https:\/\/fundacaonunesbarata.pt\/index.php\/wp-json\/wp\/v2\/pages"}],"about":[{"href":"https:\/\/fundacaonunesbarata.pt\/index.php\/wp-json\/wp\/v2\/types\/page"}],"author":[{"embeddable":true,"href":"https:\/\/fundacaonunesbarata.pt\/index.php\/wp-json\/wp\/v2\/users\/1"}],"replies":[{"embeddable":true,"href":"https:\/\/fundacaonunesbarata.pt\/index.php\/wp-json\/wp\/v2\/comments?post=1021"}],"version-history":[{"count":109,"href":"https:\/\/fundacaonunesbarata.pt\/index.php\/wp-json\/wp\/v2\/pages\/1021\/revisions"}],"predecessor-version":[{"id":1313,"href":"https:\/\/fundacaonunesbarata.pt\/index.php\/wp-json\/wp\/v2\/pages\/1021\/revisions\/1313"}],"wp:attachment":[{"href":"https:\/\/fundacaonunesbarata.pt\/index.php\/wp-json\/wp\/v2\/media?parent=1021"}],"curies":[{"name":"wp","href":"https:\/\/api.w.org\/{rel}","templated":true}]}}