{"id":16,"date":"2025-04-21T15:06:20","date_gmt":"2025-04-21T15:06:20","guid":{"rendered":"https:\/\/atenajoalharia.pt\/fundacao\/?page_id=16"},"modified":"2026-04-20T07:40:03","modified_gmt":"2026-04-20T07:40:03","slug":"documentos","status":"publish","type":"page","link":"https:\/\/fundacaonunesbarata.pt\/index.php\/documentos\/","title":{"rendered":"Documentos"},"content":{"rendered":"\t\t<div data-elementor-type=\"wp-page\" data-elementor-id=\"16\" class=\"elementor elementor-16\" data-elementor-post-type=\"page\">\n\t\t\t\t<div class=\"elementor-element elementor-element-37f651d e-flex e-con-boxed e-con e-parent\" data-id=\"37f651d\" data-element_type=\"container\">\n\t\t\t\t\t<div class=\"e-con-inner\">\n\t\t\t\t<div class=\"elementor-element elementor-element-d156856 elementor-widget elementor-widget-text-editor\" data-id=\"d156856\" data-element_type=\"widget\" data-widget_type=\"text-editor.default\">\n\t\t\t\t<div class=\"elementor-widget-container\">\n\t\t\t\t\t\t\t\t\t<p><span style=\"text-decoration: underline; text-decoration-color: #84754E; text-decoration-thickness: 3px; text-underline-offset: 5px;\">Documentos<\/span><\/p>\t\t\t\t\t\t\t\t<\/div>\n\t\t\t\t<\/div>\n\t\t\t\t\t<\/div>\n\t\t\t\t<\/div>\n\t\t<div class=\"elementor-element elementor-element-1899e6a e-flex e-con-boxed e-con e-parent\" data-id=\"1899e6a\" data-element_type=\"container\">\n\t\t\t\t\t<div class=\"e-con-inner\">\n\t\t\t\t<div class=\"elementor-element elementor-element-7799b72 elementor-widget elementor-widget-html\" data-id=\"7799b72\" data-element_type=\"widget\" data-widget_type=\"html.default\">\n\t\t\t\t<div class=\"elementor-widget-container\">\n\t\t\t\t\t<ul class=\"lista-customizada\">\r\n  <li><a href=\"https:\/\/fundacaonunesbarata.pt\/wp-content\/uploads\/2025\/04\/1-Publicacao-em-Diario-da-Republica-do-reconhecimento-da-Fundacao.pdf\" target=\"_blank\">Publica\u00e7\u00e3o em Di\u00e1rio da Rep\u00fablica do Reconhecimento da Funda\u00e7\u00e3o (Despacho n.\u00ba 15005\/2014)<\/a><\/li>\r\n  <li><a href=\"https:\/\/fundacaonunesbarata.pt\/wp-content\/uploads\/2025\/04\/2-estatutos-da-Fundacao.pdf\" target=\"_blank\">Estatutos da Funda\u00e7\u00e3o<\/a><\/li>\r\n  <li><a href=\"https:\/\/fundacaonunesbarata.pt\/wp-content\/uploads\/2025\/04\/3-Codigo-de-Conduta-da-Fundacao.pdf\" target=\"_blank\">C\u00f3digo de Conduta da Funda\u00e7\u00e3o\r\n  <li><a href=\"https:\/\/fundacaonunesbarata.pt\/wp-content\/uploads\/2026\/02\/Despacho-no-6608_2021.pdf\" target=\"_blank\">Publica\u00e7\u00e3o em Di\u00e1rio da Rep\u00fablica da Concess\u00e3o do Estatuto de Utilidade P\u00fablica (Despacho n.\u00ba 6608\/2021)<\/a><\/li>\r\n  <li><a href=\"https:\/\/fundacaonunesbarata.pt\/wp-content\/uploads\/2026\/03\/PROC.27.2026-Publicacao-do-despacho-em-Diario-da-Republica.pdf\" target=\"_blank\">Publica\u00e7\u00e3o em Di\u00e1rio da Rep\u00fablica da Renova\u00e7\u00e3o do Estatuto de Utilidade P\u00fablica (Despacho n.\u00ba 4187\/2026)<\/a><\/li>  \r\n  <li><a href=\"https:\/\/fundacaonunesbarata.pt\/wp-content\/uploads\/2025\/04\/4-Plano-de-Atividades-e-Orcamento-Previsional-para-2015.pdf\" target=\"_blank\">Plano de Atividades e Or\u00e7amento Previsional para 2015<\/a><\/li>\r\n  <li><a href=\"https:\/\/fundacaonunesbarata.pt\/wp-content\/uploads\/2025\/04\/5-Relatorio-de-Gestao-2015.pdf\" target=\"_blank\">Relat\u00f3rio de Gest\u00e3o 2015<\/a><\/li>\r\n  <li><a href=\"https:\/\/fundacaonunesbarata.pt\/wp-content\/uploads\/2025\/04\/6-Plano-de-Atividades-e-Orcamento-Previsional-para-2016.pdf\">Plano de Atividades e Or\u00e7amento Previsional para 2016<\/a><\/li>\r\n  <li><a href=\"https:\/\/fundacaonunesbarata.pt\/wp-content\/uploads\/2025\/04\/7-Relatorio-de-Gestao-2016.pdf\" target=\"_blank\">Relat\u00f3rio de Gest\u00e3o 2016<\/a><\/li>\r\n  <li><a href=\"https:\/\/fundacaonunesbarata.pt\/wp-content\/uploads\/2025\/04\/8-Plano-de-Atividades-e-Orcamento-Previsional-para-2017.pdf\" target=\"_blank\">Plano de Atividades e Or\u00e7amento Previsional para 2017<\/a><\/li>\r\n  <li><a href=\"https:\/\/fundacaonunesbarata.pt\/wp-content\/uploads\/2025\/04\/9-Relatorio-de-Gestao-2017.pdf\">Relat\u00f3rio de Gest\u00e3o 2017<\/a><\/li>\r\n  <li><a href=\"https:\/\/fundacaonunesbarata.pt\/wp-content\/uploads\/2025\/04\/10-Plano-de-Atividades-e-Orcamento-Previsional-para-2018.pdfk\">Plano de Atividades e Or\u00e7amento Previsional para 2018<\/a><\/li>\r\n  <li><a href=\"https:\/\/fundacaonunesbarata.pt\/wp-content\/uploads\/2025\/04\/11-Relatorio-de-Gestao-2018.pdf\" target=\"_blank\">Relat\u00f3rio de Gest\u00e3o 2018<\/a><\/li>\r\n  <li><a href=\"https:\/\/fundacaonunesbarata.pt\/wp-content\/uploads\/2025\/04\/12-Plano-de-Atividades-e-Orcamento-Previsional-para-2019.pdf\">Plano de Atividades e Or\u00e7amento Previsional para 2019<\/a><\/li>\r\n  <li><a href=\"https:\/\/fundacaonunesbarata.pt\/wp-content\/uploads\/2025\/04\/13-Relatorio-de-Gestao-2019.pdf\">Relat\u00f3rio de Gest\u00e3o 2019<\/a><\/li>\r\n  <li><a href=\"https:\/\/fundacaonunesbarata.pt\/wp-content\/uploads\/2025\/04\/14-Plano-de-Atividades-e-Orcamento-Previsional-para-2020.pdff\">Plano de Atividades e Or\u00e7amento Previsional para 2020<\/a><\/li>\r\n  <li><a href=\"https:\/\/fundacaonunesbarata.pt\/wp-content\/uploads\/2026\/02\/Demonstracao-de-Apoios-Recebidos-2020.pdf\">Demonstra\u00e7\u00e3o de Apoios Recebidos em 2020<\/a><\/li>\r\n  <li><a href=\"https:\/\/fundacaonunesbarata.pt\/wp-content\/uploads\/2025\/04\/15-Relatorio-de-Gestao-2020.pdf\">Relat\u00f3rio de Gest\u00e3o 2020<\/a><\/li>\r\n  <li><a href=\"https:\/\/fundacaonunesbarata.pt\/wp-content\/uploads\/2025\/04\/16-Plano-de-Atividades-e-Orcamento-Previsional-para-2021.pdf\">Plano de Atividades e Or\u00e7amento Previsional para 2021<\/a><\/li>\r\n  <li><a href=\"https:\/\/fundacaonunesbarata.pt\/wp-content\/uploads\/2026\/02\/Demonstracao-de-Apoios-Recebidos-2021.pdf\">Demonstra\u00e7\u00e3o de Apoios Recebidos em 2021<\/a><\/li>  \r\n  <li><a href=\"https:\/\/fundacaonunesbarata.pt\/wp-content\/uploads\/2025\/06\/RGC-2021.pdf\">Relat\u00f3rio de Gest\u00e3o 2021<\/a><\/li>\r\n  <li><a href=\"https:\/\/fundacaonunesbarata.pt\/wp-content\/uploads\/2025\/06\/PAOP-2022-Parecer-do-C.F.pdf\">Plano de Atividades e Or\u00e7amento Previsional para 2022<\/a><\/li>\r\n  <li><a href=\"https:\/\/fundacaonunesbarata.pt\/wp-content\/uploads\/2026\/02\/Demonstracao-de-Apoios-Recebidos-2022.pdf\">Demonstra\u00e7\u00e3o de Apoios Recebidos em 2022<\/a><\/li>\r\n  <li><a href=\"https:\/\/fundacaonunesbarata.pt\/wp-content\/uploads\/2025\/06\/RGC-2022.pdf\">Relat\u00f3rio de Gest\u00e3o 2022<\/a><\/li>\r\n  <li><a href=\"https:\/\/fundacaonunesbarata.pt\/wp-content\/uploads\/2025\/06\/PAOP-2023-Parecer-do-C.F.pdf\">Plano de Atividades e Or\u00e7amento Previsional para 2023<\/a><\/li>\r\n  <li><a href=\"https:\/\/fundacaonunesbarata.pt\/wp-content\/uploads\/2026\/02\/Demonstracao-de-Apoios-Recebidos-2023.pdf\">Demonstra\u00e7\u00e3o de Apoios Recebidos em 2023<\/a><\/li>\r\n  <li><a href=\"https:\/\/fundacaonunesbarata.pt\/wp-content\/uploads\/2025\/06\/RGC-2023.pdf\">Relat\u00f3rio de Gest\u00e3o 2023<\/a><\/li>\r\n  <li><a href=\"https:\/\/fundacaonunesbarata.pt\/wp-content\/uploads\/2025\/06\/PAOP-2024.pdf\">Plano de Atividades e Or\u00e7amento Previsional para 2024<\/a><\/li>\r\n  <li><a href=\"https:\/\/fundacaonunesbarata.pt\/wp-content\/uploads\/2026\/02\/Demonstracao-de-Apoios-Recebidos-2024.pdf\">Demonstra\u00e7\u00e3o de Apoios Recebidos em 2024<\/a><\/li>\r\n  <li><a href=\"https:\/\/fundacaonunesbarata.pt\/wp-content\/uploads\/2025\/06\/RGC-2024.pdf\">Relat\u00f3rio de Gest\u00e3o 2024<\/a><\/li>\r\n  <li><a href=\"https:\/\/fundacaonunesbarata.pt\/wp-content\/uploads\/2025\/06\/PAOP-2025.pdf\">Plano de Atividades e Or\u00e7amento Previsional para 2025<\/a><\/li>\r\n  <li><a href=\"https:\/\/fundacaonunesbarata.pt\/wp-content\/uploads\/2026\/04\/Demonstracao-de-Apoios-Recebidos-2025.pdf\">Demonstra\u00e7\u00e3o de Apoios Recebidos em 2025<\/a><\/li>\r\n  <li><a href=\"https:\/\/fundacaonunesbarata.pt\/wp-content\/uploads\/2026\/01\/PAOP-2026-Parecer-do-C.F.pdf\">Plano de Atividades e Or\u00e7amento Previsional para 2026<\/a><\/li>  \r\n\r\n\t\t\t\t<\/div>\n\t\t\t\t<\/div>\n\t\t\t\t\t<\/div>\n\t\t\t\t<\/div>\n\t\t\t\t<\/div>\n\t\t","protected":false},"excerpt":{"rendered":"<p>Documentos Publica\u00e7\u00e3o em Di\u00e1rio da Rep\u00fablica do Reconhecimento da Funda\u00e7\u00e3o (Despacho n.\u00ba 15005\/2014) Estatutos da Funda\u00e7\u00e3o C\u00f3digo de Conduta da Funda\u00e7\u00e3o Publica\u00e7\u00e3o em Di\u00e1rio da Rep\u00fablica da Concess\u00e3o do Estatuto de Utilidade P\u00fablica (Despacho n.\u00ba 6608\/2021) Publica\u00e7\u00e3o em Di\u00e1rio da Rep\u00fablica da Renova\u00e7\u00e3o do Estatuto de Utilidade P\u00fablica (Despacho n.\u00ba 4187\/2026) Plano de Atividades e [&hellip;]<\/p>\n","protected":false},"author":1,"featured_media":0,"parent":0,"menu_order":0,"comment_status":"closed","ping_status":"closed","template":"","meta":{"footnotes":""},"class_list":["post-16","page","type-page","status-publish","hentry"],"_links":{"self":[{"href":"https:\/\/fundacaonunesbarata.pt\/index.php\/wp-json\/wp\/v2\/pages\/16","targetHints":{"allow":["GET"]}}],"collection":[{"href":"https:\/\/fundacaonunesbarata.pt\/index.php\/wp-json\/wp\/v2\/pages"}],"about":[{"href":"https:\/\/fundacaonunesbarata.pt\/index.php\/wp-json\/wp\/v2\/types\/page"}],"author":[{"embeddable":true,"href":"https:\/\/fundacaonunesbarata.pt\/index.php\/wp-json\/wp\/v2\/users\/1"}],"replies":[{"embeddable":true,"href":"https:\/\/fundacaonunesbarata.pt\/index.php\/wp-json\/wp\/v2\/comments?post=16"}],"version-history":[{"count":115,"href":"https:\/\/fundacaonunesbarata.pt\/index.php\/wp-json\/wp\/v2\/pages\/16\/revisions"}],"predecessor-version":[{"id":1650,"href":"https:\/\/fundacaonunesbarata.pt\/index.php\/wp-json\/wp\/v2\/pages\/16\/revisions\/1650"}],"wp:attachment":[{"href":"https:\/\/fundacaonunesbarata.pt\/index.php\/wp-json\/wp\/v2\/media?parent=16"}],"curies":[{"name":"wp","href":"https:\/\/api.w.org\/{rel}","templated":true}]}}